se 10, what is 1 - -867375?
867376
In base 4, what is -1 - -212110311103?
212110311102
In base 9, what is -2 - 16124871?
-16124873
In base 5, what is -224114114 - -332?
-224113232
In base 4, what is 13 - 101003223210?
-101003223131
In base 8, what is 51716 + -455?
51241
In base 5, what is 34324 + 13131344?
13221223
In base 12, what is -427 - -144b5?
1408a
In base 12, what is -16 - -4b84a3?
4b8489
In base 14, what is -2 - -29d8a3?
29d8a1
In base 3, what is -21200112110 + 22001?
-21200020102
In base 14, what is 11516 + -11b?
113d9
In base 14, what is 4 - -45911c6?
45911ca
In base 4, what is -112031001 + 11021?
-112013320
In base 9, what is -323 - 8141?
-8464
In base 15, what is 5 - -60481?
60486
In base 2, what is -11110100101101101101011 + 1011?
-11110100101101101100000
In base 8, what is -2214 + 2460073?
2455657
In base 4, what is -1031320010 - 310?
-1031320320
In base 4, what is -232311011 - -100231?
-232210120
In base 14, what is d050 + -1771?
b6bd
In base 14, what is -5a043 - -42?
-5a001
In base 11, what is -204949 + -52?
-2049a0
In base 7, what is -243353 + 20234?
-223116
In base 12, what is 216 + 92a463?
92a679
In base 15, what is -11 - 41231e?
-412330
In base 8, what is -464630347 + 0?
-464630347
In base 11, what is -1550 + -77228?
-78778
In base 7, what is 1134235333 + -3?
1134235330
In base 3, what is 1 - -1120012122020120?
1120012122020121
In base 8, what is -67436 + -2325?
-71763
In base 16, what is -c + -2790?
-279c
In base 16, what is -1f + 388e0?
388c1
In base 12, what is 77741b1 + -23?
777418a
In base 8, what is 1 + -404037351?
-404037350
In base 6, what is 22501533 + 134?
22502111
In base 3, what is -2 - -111121212102?
111121212100
In base 2, what is 11 + -11000101000100100111101?
-11000101000100100111010
In base 5, what is 140 - -1013232410?
1013233100
In base 7, what is 1020311536 + -35?
1020311501
In base 8, what is -167466 + -73?
-167561
In base 9, what is 2 + 34863651?
34863653
In base 8, what is 2 - -73215230?
73215232
In base 12, what is 146 + -96b806?
-96b680
In base 5, what is 1134 + -144033?
-142344
In base 14, what is 2da85 + 1b8d?
31834
In base 16, what is 1c330 + -a?
1c326
In base 15, what is -8 - 20a2961?
-20a2969
In base 11, what is -40468 + -17a5?
-42162
In base 2, what is 101101011111100 - 1011100?
101101010100000
In base 8, what is -213 + -35224?
-35437
In base 7, what is 3 - -5134624565?
5134624601
In base 11, what is 3 + 9313a17?
9313a1a
In base 9, what is 50 - -336358?
336418
In base 5, what is -10022 - 12441341?
-13001413
In base 16, what is -2fd4089 - 9?
-2fd4092
In base 12, what is -3619296 + -13a?
-3619414
In base 4, what is -1031013113211 - 11?
-1031013113222
In base 11, what is 797 + -409a88?
-4092a1
In base 10, what is -3 + 37774347?
37774344
In base 5, what is 413 + 1020?
1433
In base 16, what is 4327 - -1144?
546b
In base 5, what is 10124424 + -110?
10124314
In base 11, what is 2343968 - -1?
2343969
In base 7, what is -221 + -133330122?
-133330343
In base 3, what is -200 + 100210221210000?
100210221202100
In base 7, what is -32303 + 12122?
-20151
In base 6, what is 2310145050 + -2?
2310145044
In base 16, what is 11803 - -54?
11857
In base 4, what is 3233030123311 - 2?
3233030123303
In base 4, what is -311221121 + -11?
-311221132
In base 5, what is 2404244433 - -14?
2404300002
In base 3, what is 10022 + 100021002?
100101101
In base 4, what is -112 + 32102312?
32102200
In base 10, what is 5 - 4815656?
-4815651
In base 2, what is 11000011010001100111001 + -11011?
11000011010001100011110
In base 6, what is -3 - 5013531511?
-5013531514
In base 6, what is -2435114 - 342?
-2435500
In base 9, what is 0 + 248000772?
248000772
In base 4, what is 31 - -11012012002?
11012012033
In base 12, what is 5031212 - -5?
5031217
In base 4, what is -12332101323022 + 2?
-12332101323020
In base 3, what is 1201011110 + -11122?
1200222211
In base 4, what is -1010 + 11212113310?
11212112300
In base 10, what is 9965099 - -5?
9965104
In base 15, what is 8dacd - -1?
8dace
In base 12, what is -1560 + a1a4?
8844
In base 9, what is -25 - -2515848?
2515823
In base 16, what is -b15a + 3f?
-b11b
In base 4, what is -1021232 + -10130312?
-11212210
In base 4, what is 2021210203 - -113?
2021210322
In base 11, what is 766566 - 7?
76655a
In base 4, what is 3132 - 10002212?
-3333020
In base 3, what is -20 + -101220022110002?
-101220022110022
In base 10, what is -1103022 - -3?
-1103019
In base 14, what is -5 - 1dd74b9?
-1dd74c0
In base 10, what is -497 - 122933?
-123430
In base 9, what is 12 + -756576?
-756564
In base 4, what is 222 - -11003120201?
11003121023
In base 16, what is f + -fb4f?
-fb40
In base 3, what is -122211 - 10220211?
-11120122
In base 13, what is 41 - -2c267c7?
2c26838
In base 12, what is 391550 - 13?
391539
In base 13, what is -2710 - -399c?
128c
In base 9, what is -7187 - -717?
-6370
In base 14, what is 0 - -251494a1?
251494a1
In base 11, what is -a0a9 - a769?
-19867
In base 13, what is 83 + cb243?
cb2c6
In base 15, what is -10 + -250988?
-250998
In base 14, what is -5d + 6a9c80?
6a9c21
In base 11, what is -30a1 + 5a7?
-25a5
In base 2, what is -1111001 + 10011101000011?
10011011001010
In base 9, what is 230 + 3282078?
3282318
In base 14, what is 643 - -414c5?
41b28
In base 5, what is 4 - 42234210343?
-42234210334
In base 7, what is -54 + -4262545?
-4262632
In base 7, what is 2652562 - 50?
2652512
In base 15, what is 42135 - 1d?
42117
In base 9, what is 2 + -5056143?
-5056141
In base 8, what is -657400 - 65?
-657465
In base 9, what is 238 - -277810?
278148
In base 8, what is -571220566 - 1?
-571220567
In base 12, what is -9390 - -6295?
-30b7
In base 12, what is -610 + -21025?
-21635
In base 9, what is -54 + -2662600?
-2662654
In base 13, what is -3 + 2101437?
2101434
In base 14, what is 3 - 959756?
-959753
In base 5, what is -124 - 11330204142?
-11330204321
In base 7, what is 12041 - 3240?
5501
In base 3, what is 20121100010201 - 212?
20121100002212
In base 12, what is 1a778 + -4b7?
1a281
In base 15, what is -ac5 + -cc98?
-d86d
In base 10, what is 1 + -27375285?
-27375284
In base 13, what is 2b682 - 29?
2b656
In base 14, what is -6 + -34dcb?
-34dd3
In base 8, what is -1351 + 3022?
1451
In base 13, what is -320735 + 1?
-320734
In base 7, what is 1440053650 + 1?
1440053651
In base 10, what is 36305 + -3491?
32814
In base 12, what is 602 - -9041?
9643
In base 11, what is -7 + -30856a5?
-3085701
In base 10, what is 82494841 - -4?
82494845
In base 15, what is -8c7 - 7c2?
-1199
In base 14, what is 95a + -4525?
-39a9
In base 14, what is dc1a - -1854?
11670
In base 12, what is b65 + -73b6?
-6451
In base 13, what is -a1c973 + 5?
-a1c96b
In base 12, what is 3 - 19365947?
-19365944
In base 3, what is -10022222221112012 - -111?
-10022222221111201
In base 3, what is -22 - 20210122101212222?
-20210122101220021
In base 14, what is -75b - -733d?
69c2
In base 5, what is 3120200 + -12031?
3103114
In base 14, what is 18 + -1629322?
-1629308
In base 11, what is -31 - 15658941?
-15658972
In base 3, what is -10000 + -1111022010102?
-1111022020102
In base 11, what is -648 - -1a5616?
1a4a79
In base 16, what is -cf + -aa01?
-aad0
In base 9, what is 138 - 3710626?
-3710477
In base 14, what is 1276c1 + 1a?
1276db
In base 5, what is -41402413421 - 1?
-41402413422
In base 4, what is 100103232 + 101?
100103333
In base 11, what is -2143277 - 0?
-2143277
In base 10, what is 113167867 - 3?
113167864
In base 12, what is 14372a67 + 5?
14372a70
In base 9, what is -2 - -461681652?
461681650
In base 11, what is 132971286 + -5?
132971281
In base 5, what is 413320413434 + 10?
413320413444
In base 5, what is -10 + 143333034211?
143333034201
In base 6, what is 533111 + -143351?
345320
In base 16, what is -71 - -d6b34?
d6ac3
In base 11, what is 60431578 + 2?
6043157a
In base 10, what is -5 - -70785424?
70785419
In base 15, what is -1 - 2ac9a63?
-2ac9a64
In base 14, what is 2319 - -a527?
c842
In base 13, what is 3152 + 2a1?
3423
In base 5, what is 1334 + 112332333?
112334222
In base 2, what is -1 - 1100110000001111010011?
-1100110000001111010100
In base 5, what is 320320313 - -10?
320320323
In base 8, what is -161621242 - -51?
-161621171
In base 8, what is -376246 - 1005?
-377253
In base 8, what is 3 - -71516565?
71516570
In base 3, what is -1012202202020020 + 1?